 = 145, 0 = 3*c - c + 6. What is the units digit of u?
6
Suppose -2154 = -0*h - 6*h. What is the units digit of h?
9
Suppose -o + 133 = 2*w, -4*o + 111 + 385 = -4*w. What is the tens digit of o?
2
Let x(u) = 2*u - 3. Let r be x(2). Let g = 2 + r. What is the units digit of g?
3
Let n(u) = 5*u**2 - 5*u + 5. Let t(w) = -w**2 - w - 1. Let g(l) = -n(l) - 4*t(l). What is the units digit of g(8)?
7
Let v(r) be the first derivative of -r**4/4 - r**3/3 + r**2/2 - 3*r - 1. Let u be v(-3). Suppose g + l = 6, -2*l - l = -u. What is the units digit of g?
2
Let r(j) = 2*j. What is the tens digit of r(6)?
1
Let r(j) be the third derivative of -j**4/12 + j**3/6 + 2*j**2. What is the tens digit of r(-6)?
1
Suppose 4*n + 51 = -5. Let b = n + 25. What is the units digit of b?
1
Let i(g) = 4*g - 10. Let t(j) = 5*j - 10. Let v(h) = 3*i(h) - 2*t(h). What is the tens digit of v(12)?
1
Suppose r - y - 156 = 0, 5*r + 2*y = 341 + 453. What is the tens digit of r?
5
Suppose 5*n - 2*u = 3*n + 16, 4*n - u - 20 = 0. Suppose 4*y - 5*d = -4 + 9, 4*y - 4*d - 4 = 0. Suppose r + n*r - 45 = y. What is the units digit of r?
9
Suppose 11 = 3*g + j - 2, -2*g = 4*j - 22. Suppose 5*x - 49 = x - l, g*x + 4*l = 40. What is the tens digit of x?
1
Let i be -5*(12/(-15) - 0). Suppose i*g = 5*g - 26. What is the units digit of g?
6
Let x be 1 + -2 + 5 + -2. Let u be (134/(-3))/(x/(-3)). Suppose 4*h = u - 19. What is the tens digit of h?
1
Suppose 4*q - 12 = 2*q. What is the units digit of q?
6
Suppose 3*q + 17 = 14. What is the tens digit of q/(-3)*3 - -31?
3
Suppose 2*q + 26 = 3*o, 3*o - 56 = 6*q - q. Let j be (12/10)/((-4)/q). Let k(m) = 3*m + 2. What is the tens digit of k(j)?
1
Suppose 3*a - a - 3*v = 247, 534 = 4*a + 2*v. What is the hundreds digit of a?
1
Let z(l) = -l**3 + 2*l**2 + 2*l - 2. Let o be z(3). Let n = 49 - 33. Let r = o + n. What is the tens digit of r?
1
Let z = 18 - 6. Suppose 11*q - z*q + 30 = 0. What is the tens digit of q?
3
Suppose -4*z = 5*l - 336, 4*z - l + 62 = 422. What is the units digit of z?
9
Suppose -2*s = 3*s - 120. Let v be ((-1)/2)/(4/s). What is the units digit of 6/4 + v/(-2)?
3
What is the tens digit of 2/3 + -388*(-2)/6?
3
Let f = -164 + 251. Suppose 3*y - f = -5*m, 3*y - 4*m = 74 + 13. What is the tens digit of y?
2
Let h(g) = -g**3 + g**2 + 2*g - 1. Let t be h(3). Let p = t + 22. What is the units digit of p?
9
Suppose 0 = -5*t - 5, 14 = 3*w - 0*w - 2*t. Suppose -f - w*f = -15. Suppose -2*i + h + 16 = 0, f*i - 12 = -h + 2. What is the units digit of i?
6
Suppose -4*n = 2*a - n - 224, -4*a = -4*n - 448. What is the units digit of a?
2
Let p be (2 - 0)/(1*-1). Let x = p - -6. What is the units digit of x?
4
Let o(x) = 2*x**2 - 19*x**3 - x + 1 + 2 + 3*x - 2. What is the tens digit of o(-1)?
2
Let j(k) = -6*k - 2. Let l(p) = 3*p + 1. Suppose 4*q - 7 = 3*x, 0*x - 2*x - 12 = q. Let r(h) = q*j(h) - 5*l(h). What is the units digit of r(-1)?
2
Let a = 15 - 2. Suppose 2*p = -l - 8, -l - a = 5*p - 2*p. Suppose l*h - 54 = -5*g, -5*h + 0*h - 15 = 0. What is the tens digit of g?
1
Suppose 4*o = 5*n + 169, 4*o - o - 2*n = 118. What is the units digit of o?
6
Let w = -1 + 1. Suppose w = 2*h - 4*h - j + 8, 5*j + 35 = 5*h. Let r = h + -2. What is the units digit of r?
3
Let n(o) = 4*o**2 - 3*o + 1. What is the units digit of n(-2)?
3
Let p(c) = c**2 + 5*c + 6. Let k be p(-4). Suppose -3*o + 65 = 2*m, -2*m + k*o + 28 = -12. What is the tens digit of m?
2
Let w(v) = -v**2 - 7*v + 4. Let k be w(-6). What is the tens digit of (k/(-1))/(6/(-9))?
1
What is the units digit of (-12)/(-3) + -7 + 54?
1
Suppose 0 = -5*i + i + 12. Suppose i*b - 17 = 4. What is the units digit of b?
7
Suppose -2*c - 4*v + 18 = -0*c, 3*v = 2*c - 4. Suppose 0 = s - 4*y - 27, -3*s + 18 = -4*s - c*y. What is the units digit of s?
7
Suppose 0 = 3*y - 3*r - 128 - 484, 5*r - 612 = -3*y. What is the hundreds digit of y?
2
Suppose 0 = j + 4*j - 325. Suppose -j = -3*l - 2*l. What is the units digit of l?
3
Let n(u) = -u - 7. Let l be n(-4). What is the units digit of l/3*(-4)/2?
2
Suppose 144 = 4*p + 3*f - 7*f, 4*p = 5*f + 142. What is the units digit of p?
8
Let u(q) be the second derivative of -q**5/20 - q**4/12 + q**3/6 + 2*q**2 + 3*q. What is the units digit of u(0)?
4
Let f(u) = u**3 - 2*u**2 - 5*u + 6. Let q(b) = -b + 4. Let c be q(0). What is the units digit of f(c)?
8
Let u(r) = 3*r**2 - 32*r + 37. What is the hundreds digit of u(17)?
3
Suppose -5*r - 135 = -5*a + 300, 0 = -3*a + r + 271. What is the units digit of a?
2
Suppose s = -3*w + 55, 0 = 2*s + s - 2*w - 176. What is the tens digit of s?
5
Let f = -3 + 17. Suppose -5*s = -f - 21. What is the units digit of s?
7
Let u(x) = -18*x. Let q be u(3). Let m = 82 + q. What is the units digit of m?
8
Let r be (-4 - -34)*(-2)/(-3). Let t = r + -8. What is the tens digit of t?
1
Suppose -k + 8 = -3*k, -z + 74 = 2*k. What is the tens digit of z?
8
Let c be (3 - 3)*2/(-4). Let a = 1 + c. What is the units digit of a?
1
Suppose -32 = -2*g + o, g - 3*o + 4 = 10. What is the units digit of g?
8
Let x(g) = -g + 3. Let y be x(-3). Let f(t) = t - 2. Let u be f(y). Suppose 3*b = -4*z + 32, u*b + 5*z = 28 + 13. What is the units digit of b?
4
Suppose -5*a = -25, 0*a - 116 = -h + 3*a. What is the units digit of h?
1
Suppose 2 = 4*t - 10. Let i(h) = h**3 - 4*h**2 + 4*h. Let k be i(t). Suppose -2*d + k = -3. What is the units digit of d?
3
Let h(p) = -p**2 + 3*p - 1. Let g be h(2). What is the units digit of 26/(g + 3/3)?
3
Suppose 17 = c - 5*z, -z - 5 = -2. Suppose -4*a + 14 = -2. Let q = c + a. What is the units digit of q?
6
Suppose -84*q = -78*q - 420. What is the units digit of q?
0
Suppose -2*z + 3 - 7 = 0, 2*m - z - 34 = 0. Let a = m - 1. What is the units digit of a?
5
What is the hundreds digit of 161 + -2 + 0/(-3) + 2?
1
Let w(n) = n**2 - n - 4. Let p be w(7). Let h = p - 12. What is the units digit of h?
6
Suppose 16*t - 12*t - 188 = 0. What is the units digit of t?
7
Let i = 3 + 2. Let h(u) = u**3 + 3*u**2 - 4*u + 4. Let t be h(-4). Suppose 3*c - i*m - 17 = 0, 3*c + m - t = 7. What is the units digit of c?
4
What is the hundreds digit of -1 - -2 - -58*8/4?
1
Let q = -21 - -18. Let j(s) = s**2 + 6*s + 5. Let l be j(-5). What is the units digit of 11/(l - (q - -2))?
1
Suppose 3*i = 28 - 1. Suppose t + 0*t = 0. Suppose 3*o - i = -t*o. What is the units digit of o?
3
Let o(a) = -2 + 7*a + 4 + 0. Let f be o(2). Let u = -11 + f. What is the units digit of u?
5
Suppose 2 = q - 2. Suppose -2*h - 2*h - 8 = 0. What is the units digit of (h/q)/((-2)/8)?
2
Suppose -2 - 10 = -4*y. Suppose 92 = y*d + 38. Suppose -2*i - 4 + d = 0. What is the units digit of i?
7
Suppose 5 = -p - 2. Let v(l) = -l + 3. What is the tens digit of v(p)?
1
Let c(l) = 91*l - 3. What is the tens digit of c(1)?
8
Let r(s) = 2 + s**3 + 0*s**3 + 7*s**2 - 6*s + 9. Let w be r(-8). Let a = w + 20. What is the units digit of a?
5
Let q = 19 - -4. What is the units digit of q?
3
Suppose -v + 2*v - 5*q = 18, v - 4*q = 20. What is the tens digit of v?
2
Let o = -8 - -63. What is the tens digit of o?
5
Suppose -5 = i, 3*q = -2*q - 3*i + 375. What is the units digit of q?
8
Let v = -101 + 149. What is the tens digit of v?
4
Let j(z) = z - 1. Let l be j(3). Let p(t) = -7*t**2 + 8*t - 3. Let y(m) = -m**2 + m. Let d(c) = -p(c) + 6*y(c). What is the units digit of d(l)?
3
What is the hundreds digit of -2 - -2 - 58*(-5)/2?
1
Let m(y) = 11*y**3 - 2*y**2 + 1. Let i be m(1). Suppose 8*q - i*q = -24. What is the tens digit of q?
1
Let g(m) = 8*m - 51. What is the units digit of g(22)?
5
Suppose 0*m - 28 = 2*m. Let d = m + 26. What is the units digit of d?
2
Suppose w = 6*w + 10, -3*l = w - 286. What is the units digit of l?
6
Suppose 2*k = 8 + 2. Suppose 2*c + 45 = k*c. What is the tens digit of c?
1
Let h be (20/(-12))/(1/3). Let o(a) = -3*a - 2. Let t be o(h). Let i = -8 + t. What is the units digit of i?
5
Suppose -d + 6 + 12 = 0. Suppose 0*l + d = 3*l. What is the units digit of l?
6
Suppose 20 = -2*w - 14. Let g = w + 28. What is the tens digit of g?
1
Let z be 63/4 + (-1)/(-4). Suppose -g - g = -4*i - 16, z = -2*g - 4*i. Suppose g = -2*c + 4*c - 4. What is the units digit of c?
2
Let q(k) = -k**2 + 6*k - 5. Let r be q(5). Let a be -1*(-1 - -1)/3. Suppose i + r - 1 = a. What is the units digit of i?
